of o?
3
Let x(s) = 2*s**2 - 7*s + 3. Let z be x(4). Let n be (-21)/z*(-1 - 2). Suppose n*i = 2*i + 77. What is the units digit of i?
1
Suppose -12*o = -3*o - 0*o. Suppose p + o*p - 19 = 0. What is the tens digit of p?
1
Suppose 3*c = 3*s + 165, 5*s = -9*c + 4*c + 245. Suppose 5*d = 2*g - 140, -3*d - 84 = 7*g - 3*g. Let x = d + c. What is the tens digit of x?
2
Let h be (21 + -35)/(1/(-2)). Suppose 7*r - 6*r = h. What is the tens digit of r?
2
Suppose -13*x = -16*x - 3*g - 21, -4*g - 8 = 0. What is the units digit of (-2379)/(-65) - 2/x?
7
Let s(c) = 7*c + 1. Let j be s(-7). Let x = -32 - j. What is the units digit of x?
6
Suppose -3*w - 84 = 4*g - 4*w, 5*w = 3*g + 80. Let r = -1 - g. What is the tens digit of (-1)/(0 - 1/r)?
1
Suppose 0 = m - 2*i - 205 - 948, 2*m + 3*i - 2320 = 0. What is the tens digit of m?
5
Suppose -c + 198 = 3*f - 137, -2*f + 336 = c. Let b = -79 + c. What is the tens digit of b?
5
Let c = -9 + 7. Let s be 5/c + (-3)/6. Let m = 16 + s. What is the tens digit of m?
1
Suppose 14 = -5*h - 0*x + 3*x, -14 = 2*h - 4*x. What is the units digit of (2*-1)/(h*(-2)/(-109))?
9
Let y be -1*(7 - (-1)/(-1)). Let n be (y/(-5))/((-18)/(-60)). Let t = 24 + n. What is the tens digit of t?
2
Let b be 5*(3 - 13/5). Suppose l = r + 10, 4*r - b*r + 14 = l. What is the units digit of l*(-4)/(-12) - -12?
4
What is the units digit of -5 + 5 + -4 + 421?
7
Let y(c) = -c**3 + 3*c**2 + 2*c + 231. Suppose -3*g = -5*q + 15, 8*g - 4*q = 3*g - 12. What is the units digit of y(g)?
1
Let o(h) = 9*h**2 + 6. Let y = -8 + 11. What is the tens digit of o(y)?
8
Let k(u) = -2*u + 0*u**2 - 165*u**3 + u**2 - 1 + 3*u**2 - 5*u**2. What is the units digit of k(-1)?
5
Let q be -3 - 9 - (8 - 18). Let l(a) = -a - 2 + 2*a + 13*a**2 + 4. What is the units digit of l(q)?
2
What is the tens digit of 16/2*99826/148?
9
Suppose -2*k - 124 = -522. What is the tens digit of k?
9
What is the units digit of 6774*(7 - (-5 - 35/(-3)))?
8
Let n = 1 + 9. Let h(r) = r**3 + 6*r**2 - 11*r - 3. Let z be h(-8). Let d = n - z. What is the units digit of d?
3
Let a = 42 + -33. Suppose 320 = -5*w + a*w. What is the tens digit of w?
8
Suppose -4*b = b - 3*g - 25, 22 = b - 4*g. Suppose b*w + 0*w - t - 21 = 0, -4*w = 4*t - 60. What is the units digit of w?
2
Suppose g = -3, 5*j - 17*g - 429 = -14*g. What is the tens digit of j?
8
What is the units digit of 5/10 - ((-1346)/(-4))/(-1)?
7
Suppose 29*r - 26*r - 3648 = 0. What is the units digit of r?
6
Suppose 12*w - t - 973 = 7*w, -5*w = -2*t - 971. What is the tens digit of w?
9
Let o(t) = -3*t - 1. Let m be o(1). Let r(a) = 0*a**2 + a - 2*a - 2 + 2*a**2 + 5*a. What is the units digit of r(m)?
4
Suppose -4*w = -3*g + 496, 2*g - 4*w = 70 + 258. What is the units digit of (2/3)/(16/g)?
7
Suppose -38*l + 24330 = -115016. What is the units digit of l?
7
Let b(u) = 49*u**3 - u**2 + 4*u - 7. What is the units digit of b(2)?
9
Let x(n) = n**2 - 23*n + 30. Let y be x(22). Suppose -y*f - f = -1179. What is the hundreds digit of f?
1
Let w(d) = -d**3 + 6*d**2 + 8*d - 11. Let b be w(6). Suppose 0 = 8*m - b - 107. What is the tens digit of m?
1
Let j be ((-1)/(-3))/((-4)/(-12)). Let z(r) = -r - 1. Let x(u) = u**2 + 8*u + 6. Let p(w) = j*x(w) + 4*z(w). What is the tens digit of p(-7)?
2
Suppose 3*u = -5*n - 14, -4*n + 2 = -5*u + 28. Suppose -30 = m + u*m. What is the units digit of (4 + -7)*m/6?
5
Let i = 106 + -73. Suppose -2*j + i = 5*m, j + m - 2*m = -1. Suppose 0 = s + j, -d - 5*s = 4*d - 105. What is the tens digit of d?
2
Let y(l) = 5*l + 609. What is the tens digit of y(-15)?
3
Let v(i) = -188*i**2 + 2. Let t(u) = -u. Let b(f) = 3*t(f) - v(f). What is the tens digit of b(-1)?
8
What is the tens digit of (3 - 27/6)*1936/(-6)?
8
Let k(c) = 12*c - 3. Let b be k(-4). Let m(j) = -j**3 - 11*j**2 + 4*j - 107. Let h be m(-12). What is the tens digit of h/(b/12 + 4)?
4
Suppose -7 - 8 = 3*a. Let z(o) = -11*o - 7. What is the tens digit of z(a)?
4
What is the tens digit of 54/(-864) + 68449/16?
7
Let y(s) = -s**2 - 4*s - 3. Let a be y(-4). Let z = a + 5. Let k = 10 + z. What is the units digit of k?
2
Suppose 3*c + 32 = -2*l + 7*c, 0 = l - 3*c + 21. Let k(i) = 6*i + 5. Let g(d) = -6*d - 6. Let x(h) = 6*g(h) + 5*k(h). What is the units digit of x(l)?
5
Suppose -396*i - 2*n + 1942 = -395*i, 0 = -i - n + 1944. What is the thousands digit of i?
1
Let n(z) = 4*z**3 + 7*z**2 + 5*z - 23. What is the units digit of n(5)?
7
Let y(g) = -1 + 5 + 2*g - g. Let z be y(0). Suppose -5*v + z*v + o = -7, v - 2*o - 4 = 0. What is the tens digit of v?
1
Let i(f) = 15*f**2 - 20*f + 22. What is the tens digit of i(8)?
2
Let h = 22 - 21. Let u be h/(-2) - (-2440)/(-16). What is the units digit of u/(-4) + 7/(-28)?
8
Suppose 0 = 4*i - 17 - 3. Suppose i*g - r + 1 - 4 = 0, -g - 4*r = 12. Suppose g*p - 124 = -4*p. What is the units digit of p?
1
Suppose -42*r + 11592 = -36*r. What is the hundreds digit of r?
9
Let f(q) be the third derivative of 37*q**5/30 + q**4/12 - q**3/6 + 7*q**2. What is the units digit of f(1)?
5
Let f(c) = -4*c - 15. Let s be f(-6). Let r = s - -3. Suppose -84 = -3*l + r. What is the tens digit of l?
3
Let z be 4/3*-3*1/(-2). Suppose z*u = 214 - 10. What is the hundreds digit of u?
1
Let b(c) = -2*c - 4 + 13*c**3 - 14*c**3 + 3*c + 2*c - 6*c**2. What is the units digit of b(-7)?
4
Let f(v) = 3*v**2 - 2*v - 2. Let y be f(-1). What is the units digit of (-3032)/(-80) - y/(-30)?
8
Suppose 4*i + 2616 = 4*x, 5*x + 2*i = 2088 + 1154. What is the tens digit of x?
5
Let y(l) = -l**3 + 10*l**2 - 17*l + 13. Let o be y(11). What is the hundreds digit of 3/((-15)/o)*2?
1
Suppose -2 = 5*j - 17, 1635 = o - j. What is the tens digit of o?
3
Let a(m) = 3*m**2 + 10*m - 7. Let r(i) = -2*i**2 - 7*i + 5. Let q(h) = 5*a(h) + 7*r(h). Let n be q(0). What is the tens digit of (-4)/(-4) - (-19 - n)?
2
Let b be 11568/22 - 2/(-11). Let l = b + -320. What is the units digit of l?
6
Let l(i) = i**2 + 7*i - 6. Let n be l(-8). Suppose -89 = y - m, n*m - 3*m = -2. Let x = -46 - y. What is the units digit of x?
1
Suppose 0 = 6*a - 4*a - 82. Let b = a + -38. What is the units digit of b?
3
What is the tens digit of -2 + 98*(-4 + (-100)/(-8))?
3
What is the tens digit of (-16)/(-216) - (-40874)/54?
5
Suppose 4*o + 3 = -1. Let i be (o - 2/(-4))*-206. Suppose 126 = 3*x + 3*d, -5*x + 5*d = -i - 97. What is the tens digit of x?
4
Suppose -2*r = 4*l - 5514, r = -0*l + 5*l - 6903. What is the thousands digit of l?
1
Suppose 6*p = 42*p - 31644. What is the units digit of p?
9
Let g(l) = 94*l**2 - 2*l + 2. What is the units digit of g(2)?
4
Let l(g) be the second derivative of 13*g**3/6 + 6*g**2 - 14*g. What is the units digit of l(8)?
6
What is the units digit of (49875/55 - (-2)/11) + 0?
7
Suppose -5*q + 1442 = -83. Let n = -214 + q. What is the units digit of n?
1
Let b = 933 + -638. Let q = -143 + b. What is the units digit of q?
2
Suppose 52 = -4*o + 132. Let j be (o/15)/((-4)/(-174)). Suppose 5*v - 2*w - j - 71 = 0, 5*v + 2*w - 121 = 0. What is the tens digit of v?
2
Let b(w) = w + 22. Let r be b(0). Suppose -17*j = -r*j + 25. Suppose 2*k - j*k = -78. What is the units digit of k?
6
Suppose -4*y = -84 - 44. Suppose 4*x = 2*q - y, -6*x + 3 = -3*x. Suppose -4*m - q = -v, 3*v + 2*m - 60 = 22. What is the units digit of v?
6
Let h = -3125 + 5485. What is the units digit of h?
0
What is the hundreds digit of -6*(-1*110 + 1)?
6
Suppose 0 = 6*y - 1968 - 7716. What is the hundreds digit of y?
6
Let z(f) = 7*f**2 - f**2 + 1 - 3*f**2 - 2*f**2. Let u be z(0). Suppose o - 6 = u. What is the units digit of o?
7
Suppose 68*p - 67*p + 4*i = 141, 0 = 4*p - 2*i - 564. What is the units digit of p?
1
Let u = 34 + -49. Let s be (u/10)/(3/(-4)). What is the tens digit of s/(-3) - (-140)/12?
1
Let d = 78 + -136. Let j(s) = s**3 - 3*s**2 - 4*s - 1. Let q be j(4). What is the units digit of d/q - (-11 - -10)?
9
Let m be ((-337)/2)/((-4)/8). Suppose -m = 5*o - 1687. Suppose 4*a + 3*f = 220, 7*a - 2*a + 5*f - o = 0. What is the units digit of a?
8
Suppose 3*o - o + 140 = 2*b, -o = b - 70. Suppose -6*a + 2*s = -4*a - b, 4*a = -2*s + 116. What is the units digit of a?
1
Let w be ((-9)/12)/(-1 - (-38)/40). Suppose -2*s = -r - 0 + w, -s = -5*r + 66. What is the tens digit of r?
1
Let c(z) = 2 + z - 3*z - 2 - 1 + z**2. What is th